n + 14. Let w be l(9). Let i(z) = -101*z - 3. Let r be i(w). Let j be (-40)/(-30) - r/(-3). Calculate the highest common divisor of 15 and j.
15
Suppose -2365 = -3*v + k + 3356, -k + 3804 = 2*v. Calculate the greatest common factor of 60 and v.
15
Let z = -830 - -890. Let x = -18 - -21. Suppose 0 = x*a + s - 33, -4*a - 4*s = a - 48. What is the highest common factor of a and z?
12
Let i be 1068*9/108*4. What is the highest common factor of i and 4?
4
Let l(f) = f + 6. Let w be l(-9). Let k be (w + 0 + 1)*(-9 - -8). Suppose -k*o - 37 = -47. Calculate the highest common factor of 20 and o.
5
Let u = 83 + -157. Let z = u - -92. Calculate the highest common factor of 144 and z.
18
Let f = 277 + -279. Suppose 0 = -u - u - 32. Let t be u/9 - f/(-9) - -65. Calculate the highest common divisor of t and 7.
7
Let h be 2*-20*(-329)/188. What is the highest common divisor of 14 and h?
14
Let q(h) = 12*h**2. Let g be q(1). Suppose -v - 4*v + 720 = 0. Let r be ((-45)/60)/((-1)/v). Calculate the highest common factor of r and g.
12
Let h(r) = 49*r**3 - r**2 + 271*r - 269. Let o be h(1). What is the highest common divisor of o and 34?
2
Let c(a) = 204*a - 6112. Let i be c(30). Suppose 0 = -5*g - 368 + 3608. What is the greatest common factor of g and i?
8
Suppose -5*l = -5*s + 35, 3*s - s - 3*l - 16 = 0. Let j be (-5 + s/2)/(1/(-6)). Suppose j*g + 70 = 20*g. What is the greatest common divisor of g and 126?
14
Let c be (-3)/(24/(-16))*24. Let o = 61 + -51. Let h(u) = u - 4. Let s be h(o). Calculate the greatest common factor of s and c.
6
Suppose 4*s - 66 = -7*s. Suppose -6*t + 2*v - 220 = -10*t, 3*v = -s. Calculate the highest common divisor of t and 28.
28
Let d(a) = 165*a**2 + 450*a + 2734. Let j be d(-6). What is the highest common divisor of 618 and j?
206
Let h(m) = 159*m - 1275. Let b be h(10). What is the highest common divisor of 13965 and b?
105
Suppose -10 = -5*t + 10. Suppose -t*j = 4, 4*c + 2*j = c + 1. Let r be (3 - 7)*22/(-8). Calculate the greatest common divisor of c and r.
1
Let x be (-20)/((-340)/(-967079))*-1. What is the greatest common divisor of 349 and x?
349
Suppose -143 = -2*s + s. Suppose 4*t - 500 = -238 - 174. What is the highest common divisor of t and s?
11
Suppose 0 = 12*m + 2848 - 7216. Let z = m - 206. Calculate the greatest common factor of z and 395.
79
Let y = 2644 + -487. Suppose y = 6*v - 975. Calculate the greatest common factor of 18 and v.
18
Let q be 72/24*(-2 - 28/(-3)). Suppose 0 = -18*j + q*j - 1240. Suppose -t + j = -0*t. What is the greatest common factor of 124 and t?
62
Let z be 1495/230 - (1 + 1/(-2)) - -9. What is the highest common factor of z and 6630?
15
Suppose 4*c + 5*h - 22 = 41, 0 = -c + 3*h + 3. Let j = -3 + c. Calculate the highest common divisor of 18 and j.
9
Let z(c) = -18*c - 51. Let o(u) = -37*u - 103. Let m(p) = 3*o(p) - 5*z(p). Let d be m(-5). What is the greatest common divisor of d and 17?
17
Let t = 24068 + -21740. Calculate the highest common factor of t and 2037.
291
Let a = -52 + 62. Suppose 0 = a*j - 5*j + q - 852, 0 = j + 2*q - 174. Calculate the highest common factor of j and 136.
34
Suppose -212*g = -462*g + 22000. What is the highest common factor of 472 and g?
8
Let s be (1 + (-15)/(-12))/(27/432). What is the greatest common divisor of s and 10404?
36
Let x(h) be the second derivative of -5*h**3/3 + 25*h**2 + 59*h. Let r be x(-10). What is the greatest common factor of r and 50?
50
Suppose h + 152*o = 153*o + 5010, -5*o = -30. What is the highest common factor of h and 8?
8
Let r be 298/10 + 15/75. Suppose -21*j + r*j = 1197. What is the highest common divisor of j and 7?
7
Let q(x) = -14 + 2 - 6 - 3 - x**3 - 13*x. Let s be q(-2). Calculate the greatest common divisor of s and 104.
13
Suppose 17 = 2*v + 21, -4*f + 6058 = v. Calculate the greatest common divisor of f and 30.
15
Let h = 517 + -286. Suppose 0 = 7*s - h - 210. Suppose -89 = -4*i + v + 2*v, v = 3*i - s. Calculate the highest common factor of i and 90.
10
Let z be ((-638)/(-33) - 8)*(35 + -5). What is the greatest common divisor of z and 204?
68
Suppose -5*q + 114 = -141. Suppose 39 = 5*a - q. Calculate the highest common divisor of a and 36.
18
Suppose 542 = -5*o - 3*k, 0 = 2*o - 3*k + 118 + 82. Let p = 421 + o. What is the greatest common factor of p and 35?
35
Suppose -3*h = 4*q - 24, -1 + 4 = -q. Suppose -16*w + 5 - 21 = 0. Let a be 2*(7 + -25)*1/w. What is the highest common divisor of a and h?
12
Suppose 5*u = -4*z - 150 + 858, -306 = -2*u + 6*z. What is the greatest common factor of u and 3056?
16
Suppose -91*b + 270000 = 9*b. What is the greatest common factor of 1260 and b?
180
Suppose 5 - 20 = -3*d. Let j be 5 - d/5 - -50. Suppose -23*w + 26*w - j = 0. What is the greatest common factor of w and 30?
6
Let i(k) = -8*k**3 + 11*k**2 - 15*k - 202. Let o be i(-7). Calculate the greatest common divisor of 118 and o.
118
Suppose -3*l - 2 + 11 = 0. Suppose -5*p - 3*d + 3 = 31, 4*p - l*d = -44. Let s be (3 - 0)*(-3)/(3/p). Calculate the greatest common divisor of s and 60.
12
Let n be (1*-2)/((-9)/(10395/22)). What is the highest common factor of 555 and n?
15
Suppose 2*t = 8*h - 796, 5*h - 13*t - 492 = -9*t. What is the greatest common factor of h and 3100?
100
Let l = 958 - 1020. Let f(h) = -h - 49. Let z be f(0). Let o = z - l. What is the highest common factor of 65 and o?
13
Let l = 25835 + -24006. What is the greatest common factor of 295 and l?
59
Let b = 7111 - 7101. Calculate the greatest common divisor of b and 9910.
10
Suppose -18*j + 14*j = -92. Suppose k - 27 + j = 0. Let l be k*(-1)/(-8)*-2 + 43. What is the highest common divisor of l and 21?
21
Suppose 4*f + 184 = 14*r - 9*r, 0 = -3*r - 5*f + 103. Let o(y) = y**2 + 5*y - 8. Let k be o(8). What is the highest common divisor of k and r?
12
Suppose 88 = 9*h + 25. Suppose -n + h*n - 6 = 0. Let o = 1 + 3. Calculate the highest common factor of n and o.
1
Suppose -93*n = -105*n + 132. Suppose -n*c + 2250 = -5*c. Calculate the highest common factor of c and 225.
75
Let h = -715 - -1633. What is the highest common divisor of 34 and h?
34
Suppose 90 = -7*x + 2939. Suppose 3041*z - 3037*z + 72 = 368. What is the greatest common factor of x and z?
37
Suppose 3*m + 55*o = 57*o + 65, 0 = -3*m - 4*o + 95. What is the highest common divisor of m and 6125?
25
Let b(r) = -r**3 - r**2 + 12*r - 3. Let c be b(5). Let z = -139 - c. Let j = -28 - z. What is the greatest common divisor of j and 9?
9
Let b = -2701 - -2782. Calculate the greatest common factor of 171 and b.
9
Suppose -50*p + 84*p - 3030 = -67*p. Calculate the greatest common divisor of 6015 and p.
15
Let d(j) = 17*j + 37. Let f be d(-2). Suppose 6*y - f*y - 39 = 4*m, 5*y - 4*m = 57. What is the highest common factor of y and 180?
9
Let b(s) = -s**3 + s**2 - 8*s - 6. Let y be b(-3). Suppose 5021 + 22519 = y*h. What is the highest common divisor of 51 and h?
51
Let h be 1*22*1 - 0. Suppose -6*z + 3*x + 48 = -3*z, 2*z = -5*x + 74. Calculate the highest common factor of h and z.
22
Let d = 11 - -43. Suppose d*z = 56*z - 156. What is the greatest common factor of z and 195?
39
Let g be (-10)/(-4) - 22/(-44). Suppose -5*z + 17 = -g. Suppose j = -k + 21, 20 - 69 = -z*k + 3*j. What is the highest common divisor of k and 16?
16
Let x(z) = z**3 + 20*z**2 + 17*z + 21. Let n be x(-19). Suppose 54*p + 235 = n*p. Calculate the highest common factor of p and 47.
47
Let n be 0 + 9 - (-6 - -3)/(-3). Let l be 43*1*((-7)/(-7) + n). Calculate the highest common factor of l and 43.
43
Let a be (-5 - 68/(-8))*(-22 - -232)/15. Let k = -223 + 566. Calculate the highest common factor of a and k.
49
Let t be (323 - 324)/(4/48 + 2/(-8)). Let w be (114/5)/(2/10). What is the greatest common divisor of w and t?
6
Suppose v + 10 = 6*v, 2*j - 4*v - 8 = 0. Let c be ((-2)/j)/((-69)/276). Calculate the greatest common divisor of c and 7.
1
Suppose 2*r = a + 2 - 4, 0 = a - 3*r. What is the highest common factor of a and 294?
6
Let a(n) = 3*n - 17. Suppose 0 = z + 3*j + 5 + 9, -4*j = 3*z + 27. Let b be a(z). Let q = b + 58. Calculate the greatest common factor of 13 and q.
13
Let g(x) = x**2 - 28*x - 243. Suppose 0 = 56*d + 651 - 2667. Let t be g(d). Suppose -f + 3*f - 10 = 0. What is the greatest common factor of f and t?
5
Let v be (51/(-